/10 - 8). Let w = q + -66. What is the highest common factor of w and 1?
1
Suppose 0 = 2*u + u - 816. Suppose 3*y = z + 3*z + 94, -4*z = -8. What is the highest common factor of u and y?
34
Let g(m) = 5*m + 3. Let z be g(-2). Let y = 6 - z. What is the highest common divisor of y and 39?
13
Let k = 706 + -290. What is the greatest common factor of k and 26?
26
Let h be (-1014)/(-21) + 56/(-196). What is the greatest common factor of h and 4800?
48
Suppose -322*t = -334*t + 1440. Calculate the highest common factor of t and 96.
24
Let d = -132 + 148. Let z = -252 - -178. Let x = z + 138. What is the greatest common divisor of x and d?
16
Let u = 225 - 110. What is the greatest common factor of u and 46?
23
Let y = -1034 - -1106. Suppose 3*v = -3 + 75. What is the highest common factor of y and v?
24
Let i = 1 + 0. Suppose -1090*f = -1091*f + 6 + 3. What is the highest common divisor of f and i?
1
Let t(h) = -5*h - 10. Let j(l) = l. Let v(u) = 6*j(u) - t(u). Let n be v(-4). Let x be 2/(-4) - 119/n. Calculate the greatest common divisor of 3 and x.
3
Suppose -37*g = -39*g + 24. Suppose -11*x - 10 = -g*x. What is the highest common divisor of x and 35?
5
Let u(h) = -42*h + 105. Let a be u(2). Let c = -426 + 604. Suppose -f + 2*k + c + 21 = 0, 3*k + 15 = 0. What is the highest common divisor of f and a?
21
Let c be ((-1518)/66)/(2/(-4)). Calculate the highest common divisor of 253 and c.
23
Suppose 2*a - 3*a + 43 = 0. Suppose -3*u + 31 = -z + u, -z - a = -u. Let x = 102 + z. What is the highest common factor of 5 and x?
5
Suppose 4*u - 31 = 4*g + 9, 8 = 2*u + 2*g. Let y(z) = -2*z**2 + 18*z - 7. Let l be y(u). Calculate the greatest common factor of l and 105.
21
Suppose y - 797 + 59 = 0. Calculate the highest common factor of y and 27.
9
Suppose 5*x + 5*d = 4 + 1, 0 = -5*x + 3*d + 37. Suppose 4*w - 67 - 32 = -3*a, 0 = x*w + 2*a - 122. What is the greatest common factor of 216 and w?
24
Let l = 70 + -38. Let j = -122 - -126. What is the greatest common divisor of j and l?
4
Suppose 27*z + 210 = 32*z. What is the highest common factor of z and 105?
21
Let d be (-703)/(-6) - 3/18. Calculate the greatest common factor of 52 and d.
13
Suppose 24*y - 41*y + 493 = 0. Calculate the highest common divisor of y and 638.
29
Let k = -30 - -35. Let l(r) = 39*r**2 + r. Let h be l(1). What is the greatest common divisor of h and k?
5
Suppose 25*j = 48*j - 713. Calculate the greatest common divisor of j and 155.
31
Let d be 5 + ((-30)/50)/(3/15). Calculate the highest common factor of d and 71.
1
Let w(u) be the second derivative of -u**3/2 + 8*u**2 - 12*u. Let k be w(5). What is the greatest common divisor of k and 5?
1
Let x(g) = 10*g - 1. Let b be x(7). Suppose -b*o + 30 = -64*o. Calculate the highest common divisor of o and 30.
6
Suppose -2*x + 2*h = -39 + 9, -3*x + 25 = 2*h. Suppose 5*b - 2*j = 91 + 797, 4*b - 724 = 5*j. Let i = -77 + b. Calculate the highest common divisor of x and i.
11
Let x = 1397 - 899. Calculate the greatest common factor of 6 and x.
6
Suppose 11*a - 830 = -104. What is the highest common factor of a and 264?
66
Suppose 5*y - c = 311, -190 = -22*y + 19*y + 4*c. Calculate the greatest common divisor of y and 434.
62
Suppose 2*a = -4*t + 14, -6*t = -4*a - 2*t + 4. Let r be (12 - 2)*(2 + a). Calculate the greatest common divisor of 10 and r.
10
Let u(m) = 2*m**3 + 6*m**2 + 69*m - 517. Let g be u(9). Calculate the greatest common factor of g and 32.
32
Let x be 11/44 - (-30526)/8. What is the highest common divisor of x and 36?
36
Suppose 6 = 75*u - 744. Calculate the highest common factor of 95 and u.
5
Let l(t) = 12*t**2 - 4*t - 6. Let s be l(-2). What is the highest common factor of 250 and s?
50
Let z(c) = 5*c**2 - 35. Let q be z(7). Let s(b) = -2 + 1 + 2 + 5*b + 4. Let p be s(5). Calculate the highest common factor of q and p.
30
Let y be 1 + (111 - 1) + -1. Let w = -51 + 64. Suppose -3 = q - w. What is the highest common factor of q and y?
10
Let b be 0 - -89 - 4/((-1)/(-1)). What is the greatest common divisor of b and 119?
17
Let y be 10/4*(3 - -1). Suppose -10 = 4*j - 5*r + 35, -5 = j + 5*r. Let p = y - j. Calculate the greatest common divisor of 5 and p.
5
Let w = -8 + 13. Let t be (-406)/(-28)*-3*2. Let f = t - -122. What is the greatest common factor of f and w?
5
Suppose 4*h = 184 + 680. What is the greatest common divisor of h and 24?
24
Suppose 3 - 11 = -5*t + m, 2*t + 4*m + 10 = 0. What is the highest common factor of t and 17?
1
Suppose y - 2 = -18. Let q = -14 - y. Suppose -4*f + 52 = -q*f. What is the greatest common divisor of 286 and f?
26
Let n(r) = -r**3 + 18*r**2 - 29*r + 38. Let u be n(16). What is the highest common factor of u and 645?
43
Let y = -354 - -480. Calculate the highest common divisor of 84 and y.
42
Suppose -476 = -20*i - 156. What is the greatest common divisor of 824 and i?
8
Let y(i) = 38*i + 3. Let g be y(3). Suppose 0*w = -w - p + 80, -2*w + 162 = 3*p. Suppose -v + 7*v = w. Calculate the highest common divisor of v and g.
13
Let w(p) = p + 5. Let o be w(-5). Suppose o*q = -q + 56. Suppose -2*b - 29*n + 34*n = -11, 4*b - 29 = 3*n. Calculate the greatest common factor of b and q.
8
Let b = 169 + -120. Let t = -16 + 43. Suppose -4*w - 5*a + 23 = 0, 3*w + w - t = -a. Calculate the highest common divisor of b and w.
7
Let b(g) = 8*g - 10. Let w be b(8). Let o = 61 - 43. What is the highest common divisor of w and o?
18
Let x be (-4)/((2 - 0)/(-2)). Suppose x*z - 90 = -2. Let j = -753 - -764. Calculate the greatest common divisor of j and z.
11
Let b = -59 - -91. Let r = b - 21. Let u be 0/(2 - 1) - -1. Calculate the highest common divisor of u and r.
1
Suppose 0 = -2*x - 4*l + 26, -x = 5*l - 1 - 18. Suppose 2*s - 15 = -x. What is the greatest common factor of 6 and s?
3
Let l be ((-20)/(-2))/(2 - (-7 + 11)). Let n(c) = -3*c - c**3 - 4*c - 5 - 2*c**2 - c**2. Let o be n(l). What is the greatest common divisor of o and 20?
20
Suppose -10*m + 5*s - 97 = -11*m, 0 = -m - 3*s + 105. What is the highest common factor of m and 27?
9
Let a be (-106)/(-689) + 76/13. Let g = 48 + -33. Calculate the greatest common divisor of a and g.
3
Suppose 5*n = 3*n + 6. Let q be n + (-9 - -3) - -59. What is the highest common divisor of 84 and q?
28
Suppose -26*w + 284 = -652. Let q = -21 + 59. Suppose -2*y = -q - 10. Calculate the greatest common factor of y and w.
12
Let q = 1366 - 616. What is the greatest common factor of q and 30?
30
Suppose -a = -2*s - 1113, -s + 7*a - 9*a = 569. Let w = s + 818. What is the greatest common divisor of w and 37?
37
Let r(c) = -c**2 - 6*c + 13. Let g be r(-9). Let k be -1 - g - (-11 - -7). What is the greatest common factor of 17 and k?
17
Suppose 2*p - 92 = -5*f, -4*f + 19 = 5*p - 58. Suppose -1627 + 39 = -35*t + 932. Calculate the greatest common factor of t and f.
18
Suppose -g + 6 + 0 = 0. Suppose 0 = 2*i - 4, -5*i = q - 4*i - g. Let w be -3*4/27 + 256/9. What is the highest common divisor of q and w?
4
Let s(v) = 9*v - 236. Let k be s(30). What is the highest common divisor of k and 187?
17
Let p = -63 - -272. Calculate the highest common divisor of 57 and p.
19
Let u be 50*2/(-10)*-6. Let o be (0 - (2 - 0))*-20. Calculate the greatest common divisor of u and o.
20
Suppose -7*n = -96 - 135. Suppose -3*c - 116 = -5*m, 2*m - c - 34 = -6*c. Calculate the greatest common factor of n and m.
11
Suppose -3*y - n = -650, -2*y - 4*n - 856 = -6*y. Let u(p) = -25*p - 42. Let w be u(-2). What is the highest common factor of w and y?
8
Suppose 2*z - 5 = 3*m - 8*m, -3*m = -z + 30. Let y be 2*9/(-24)*-20. What is the highest common divisor of z and y?
15
Let p(j) = -2*j**3 + 6*j**2 + 9*j - 9. Let s be p(-3). Let b = -13 + 22. What is the highest common factor of s and b?
9
Suppose 5*r - 3*n = 13, 16 = 4*r + 13*n - 14*n. Calculate the highest common factor of r and 215.
5
Let w(z) = -z**2 - 2*z**2 + 11 + 4*z**2 - 10*z. Let c be w(9). Suppose c*t + 52 = 4*t. What is the greatest common factor of 65 and t?
13
Suppose -3*m - 45 = -3*l, 4*l = -m + 5 - 20. Let o be 3/m + 3857/35. Calculate the greatest common divisor of o and 22.
22
Let a be (24/9)/((-2)/9). Let q be 96/9 - (-8)/a. Let m(j) = 39*j**2 + 1. Let p be m(1). What is the highest common divisor of p and q?
10
Suppose -z - 4 = -3*r + 17, 5*